y 38?
31
Let x(h) = -h**3 + 11*h**2 - 4*h + 49. Let f = 9 - -9. What is the remainder when f is divided by x(11)?
3
Suppose 3*c = f - 3*f + 45, 4*f - 96 = -4*c. Let j = 70 - f. Calculate the remainder when j is divided by 15.
13
Suppose -4 - 19 = -3*j - 2*c, 2*j - 5*c - 28 = 0. Let m = -37 - -79. What is the remainder when m is divided by j?
6
Let p = -15 - -21. Let b be 4/5*195/p. Suppose -27*g + 12 = -b*g. What is the remainder when g is divided by 4?
0
What is the remainder when 245 is divided by (-6 + (-67 - 9))*(-1)/2?
40
Let t(d) = -d - 6. Let q be t(-8). Suppose -q*b + 6 = -6. Suppose 3*s - 2*c - b = 19, 13 = 3*s - 5*c. What is the remainder when s is divided by 4?
3
Suppose 7*b + 185 = 626. Calculate the remainder when 241 is divided by b.
52
Suppose 8510 = 40*b - 4850. Calculate the remainder when b is divided by 12.
10
Let i be (-536)/(-38) + (-4)/38. Suppose 3*w - i = 22. What is the remainder when 68 is divided by w?
8
Let i = 196 + -71. What is the remainder when i is divided by 34?
23
Suppose 0 = -17*l + 10*l + 371. Calculate the remainder when l is divided by 9.
8
What is the remainder when (-150 + -23)/(3/6*-2) is divided by 35?
33
Suppose -l - 4 = 2*h, 0 = -4*l - 4*h - 0 - 4. Suppose 23 + 23 = l*i. Suppose 2*n + 3 = i. Calculate the remainder when 38 is divided by n.
8
Let c be (4 - (-12)/(-3))/(-4). Suppose 6*s + 66 - 12 = c. Calculate the remainder when 100 is divided by 24/s*51/(-4).
32
Suppose z + 2*k = k - 1, 0 = 5*z + 4*k + 2. Suppose -q + 75 = z*t, -4*t + 4*q = -0*q - 168. Calculate the remainder when 153 is divided by t.
36
Suppose -17 - 39 = -p. Let g = p + -31. What is the remainder when g is divided by 18?
7
Let j = -240 + 291. Calculate the remainder when j is divided by 9.
6
Let i(j) = j**3 + 10*j**2 - 6*j - 12. Calculate the remainder when i(-5) is divided by 36.
35
Let s(d) = -d**3 - 4*d**2 + 18*d + 5. Let r be s(-7). Suppose -2 + r = 3*a. Calculate the remainder when 15 is divided by a.
7
Let k(m) = m**3 + 4*m**2 + m. What is the remainder when 2/(-8) - (-564)/16 is divided by k(-3)?
5
Suppose -11 + 3 = -2*g. What is the remainder when (-2)/2 + g/(4/19) is divided by 12?
6
Let m = 480 - 468. Calculate the remainder when 138/(-9)*(-18)/4 is divided by m.
9
Let h = 404 - 364. Calculate the remainder when 396 is divided by h.
36
Let q = 176 - 121. Suppose -3*f = -5*f - 2*c + 54, -3*c = -3*f + 93. What is the remainder when q is divided by f?
26
Suppose 15*o + 3*u - 24 = 10*o, -4*o + 18 = 2*u. Calculate the remainder when 38 is divided by o.
2
Suppose 3*z = y - 4*y + 57, y = z - 25. Calculate the remainder when 176/3 - (2 + 28/(-12)) is divided by z.
15
Suppose -97 = 14*f - 713. Let o = f + -38. What is the remainder when 13 is divided by o?
1
Let h = -1903 - -1934. Calculate the remainder when 127 is divided by h.
3
Suppose 126*l - 151*l = -525. Calculate the remainder when 32 is divided by l.
11
Suppose -5*m + r - 137 = -1382, 5*r = 0. What is the remainder when m is divided by 25?
24
Let a(d) = -d**3 - d**2 + 3*d + 3. Let s be a(-3). Suppose 0 + s = 2*b. What is the remainder when b is divided by 4?
2
Let t = 14 + 9. Suppose 19*o = t*o - 364. Suppose -4*i + x = -88, -28 - 49 = -3*i - 2*x. Calculate the remainder when o is divided by i.
22
Suppose c + 2*c - 21 = -2*t, 2*c - 27 = 3*t. Suppose c*w = 12*w - 12. What is the remainder when 14 is divided by w?
2
Suppose -2*v = -2, -2*d + 4*v + 101 = 3*v. Calculate the remainder when d is divided by 2.
1
Suppose -1371*f + 1375*f - 40 = -4*a, 2*f = -3*a + 19. Let h(i) = i**3 - 2*i**2 + 3*i + 1. Calculate the remainder when h(3) is divided by f.
8
Suppose -j - 3 = -3*m - 25, 2*m + 18 = -j. Let z(k) = k - 6. Let r be z(10). What is the remainder when 45 is divided by (-90)/(-4) - r/m?
22
Suppose 3*b - 12 = 4*s - 6*s, 4*b + 3*s - 16 = 0. Suppose 2*r + 90 = 5*x - 0*x, -b*r = 0. Calculate the remainder when 40 is divided by x.
4
Let m(a) = -8*a. Calculate the remainder when 558/4 - (-31)/62 is divided by m(-3).
20
Suppose 4 = -4*j + 6*j. Suppose 3*y - a = 59, -y + j*a - 4*a + 8 = 0. Calculate the remainder when y is divided by 17 + (1 - 3) + -5.
8
Suppose -14 + 74 = -10*x. What is the remainder when 56 is divided by 0 + 76/(-6)*x/4?
18
What is the remainder when 1102/8 + (-3)/(-12)*-3 is divided by 43?
8
Suppose 2*y - 6 = 20. Let j = 21 + -49. Let t = j + 36. Calculate the remainder when y is divided by t.
5
Suppose 0 = -8*d + 12*d. Suppose z + 3*z = d. Suppose -h + z = -49. What is the remainder when h is divided by 17?
15
Let y be 21/(-210) + (-102)/(-20). Suppose 42 = y*u + z - 47, 5*u - 2*z = 92. Calculate the remainder when u is divided by -2*(-5)/2 + 0.
3
Let b be (6/(-4))/((-68)/(-40) + -2). Suppose -b*o + 124 = -o. Calculate the remainder when o is divided by (-62)/(-8) + (-2)/(-8).
7
Suppose y + 2*t + 55 = 0, -5*y - t - 227 = -y. Let k be (-266)/3 - (-4)/6. Let i = y - k. What is the remainder when i is divided by 11?
9
Let o = 0 - -2. Suppose 2*m + o*m + 50 = -2*l, 4*m + 51 = -l. Let g = m + 30. Calculate the remainder when 67 is divided by g.
16
Let x be -25 + 22 + (-1 - 0). Let v be (-705)/(-30) - 2/x. Calculate the remainder when 57 is divided by v*(-4)/(-6) - 1.
12
Suppose 0 = 3*n - 6*n + 12. Let o be n - ((-4)/4 + 2). Suppose o = 3*m - 2*m. Calculate the remainder when 4 is divided by m.
1
Let o be 18/(-1) + -1*(-3)/1. Calculate the remainder when -2 + 48 - (-2 - -1) is divided by ((-45)/25)/(-3) + (-231)/o.
15
Suppose -139*q + 126 = -132*q. Calculate the remainder when q is divided by 8.
2
Let s = 20 - 12. Suppose 0 = s*z - 3*z - 460. Suppose 3*l = -12, 2*l + z = 3*a - 0*l. Calculate the remainder when a is divided by 10.
8
Suppose 74 = -3*n + 113. Suppose -4*w + 50 = -u + 3*u, u - n = 2*w. What is the remainder when 188 is divided by u?
17
Let y(t) = -t**3 - 19*t**2 + 7*t + 42. Let g be y(-20). Suppose 0 = -13*z - 16 + g. What is the remainder when 43 is divided by z?
21
Let w(h) = -h**3 - 2*h + 1. What is the remainder when w(-3) is divided by (-162)/(-8 + -1) - 0?
16
Let j = 4 - 2. Let w(z) = 7*z**2 + z - 1. Suppose -31*i - 80 = -39*i. Calculate the remainder when w(j) is divided by i.
9
Suppose 0 = f + 5*f + 60. What is the remainder when (-3 - (-55)/f)*-2 is divided by 4?
1
Let o be (3 - 2)/1*5. Suppose 0 = 5*f - s - 164, o*f + 0*f - 140 = -5*s. Suppose -2*j + 285 = 31. What is the remainder when j is divided by f?
31
Let g = 13 - 6. Suppose 0 = -2*l + 13 + 1. Let w(s) = s - 2. Calculate the remainder when g is divided by w(l).
2
Suppose 4*j = -4*j. Suppose -5*h = p + p - 25, j = -4*h - 4. What is the remainder when 38 is divided by p?
8
Let p = 103 + 53. Let d = p + -89. Calculate the remainder when d is divided by 10.
7
Suppose 0 = -2*z + 1 + 5. Suppose z*c = -c. Suppose 3*h - 4*h + 17 = c. Calculate the remainder when h is divided by 7.
3
Let u(t) = 38*t - 2. Let l be u(-1). Let y = l - -65. Let a = 23 + -14. Calculate the remainder when y is divided by a.
7
Let g(o) = o + 17. Let l be g(-20). What is the remainder when 59/(-2)*(-6)/l*-1 is divided by 12?
11
Suppose 5*v = -h + 6*h - 305, 0 = 4*h - 5*v - 245. Suppose 106*w + 171*w = -111*w + 6208. Calculate the remainder when h is divided by w.
12
Let j be (-6)/(-21) - 198/(-42). Suppose 0 = x + j, 3*h - 2*x - 26 = 5. Let a(z) = z**3 + 8*z**2 + 2*z - 8. Calculate the remainder when a(-7) is divided by h.
6
Let l be -36*((-1)/(-3) - (-35)/84). What is the remainder when 1037/9 + 6/l is divided by 29?
28
Calculate the remainder when 169 is divided by (-4)/(-18) - (266/(-18) + -4).
17
Let f = -65 - -84. Let y = f + -11. Calculate the remainder when 23 is divided by y.
7
Let d = 46 + -44. Suppose 4*g - 8 = 0, 3*p + d*g - 179 = -2*g. What is the remainder when p is divided by 20?
17
Let x(a) = a**3 - 4*a. Let s be -2 + 2 - (5 - 1). What is the remainder when x(4) is divided by 2/s*(12 - 46)?
14
Let z = 311 + -217. Let r = z + -82. What is the remainder when 70 is divided by r?
10
Let g(j) = -17*j**3 - 8*j**2 + 4*j + 1. Calculate the remainder when g(-2) is divided by 7.
6
Let a = 0 - -24. Suppose -25*p + 13 = -a*p. What is the remainder when p is divided by 2/(-3) - 52/(-6)?
5
Suppose -o = 4*o + 15, -5*f + o + 1108 = 0. Let i = 327 - f. What is the remainder when i is divided by 32?
10
Suppose 0 = -6*x 